10)?
-120
Let o(j) = -24232*j - 191862. Determine o(-8).
1994
Let s(r) = -r**3 - 288*r**2 + 53793*r - 129. Determine s(129).
-129
Let p(r) = 33*r**3 + 15316*r**2 + 1860*r + 1875. Determine p(-464).
19
Let n(g) = -4*g**3 + 15*g**2 - 124*g - 321. Determine n(-2).
19
Let o(b) = -40*b**2 - 572*b + 4590. Give o(-20).
30
Let b(s) = 2*s**3 + 85*s**2 + 1334*s + 3996. Give b(-4).
-108
Let y(n) = 79467*n + 7469904. What is y(-94)?
6
Let o(g) = -3140*g - 1337636. What is o(-426)?
4
Let c(g) = 34651*g - 4816483. Calculate c(139).
6
Let f(w) = 68*w - 542. Give f(8).
2
Let q(w) = -20*w**2 + 3582*w - 143029. What is q(119)?
9
Let l(h) = -h**2 - 2669*h - 1074453. Calculate l(-494).
-3
Let y(x) = x**3 - 49821*x**2 + 398519*x - 125. Determine y(8).
-5
Let x(c) = -c**3 + 833*c**2 + 2530*c - 18395. Calculate x(836).
-3
Let t(s) = 4043*s - 24268. Give t(6).
-10
Let v(p) = -17*p**3 - 6*p**2 + 8*p - 411. Determine v(0).
-411
Let j(z) = 26*z**3 - 89*z**2 + 6*z + 97. Give j(3).
16
Let w(y) = -2776*y + 1587771. Calculate w(572).
-101
Let h(u) = 2*u**3 + 148*u**2 + 123*u - 426. Calculate h(-73).
1253
Let k(g) = 20*g**3 + 3198*g**2 - 317*g + 475. What is k(-160)?
-5
Let d(o) = -3*o**3 - o**2 - 2974*o + 8939. Calculate d(3).
-73
Let o(s) = -1007*s + 217501. What is o(216)?
-11
Let n(l) = 23823*l - 25490608. What is n(1070)?
2
Let n(v) = -91596*v + 457985. Give n(5).
5
Let w(q) = 284*q + 27506. Determine w(-97).
-42
Let z(q) = 8*q**2 + 245*q - 6755. Determine z(-49).
448
Let r(u) = 62384*u - 311872. Determine r(5).
48
Let y(j) = 15*j**2 - 203*j - 1162. Determine y(-7).
994
Let j(o) = 2651*o**2 + 188229*o + 564. Determine j(-71).
-4
Let x(h) = -3*h**2 + 141*h + 1325. Determine x(57).
-385
Let g(w) = -6*w**3 - 36*w**2 - 146*w - 1057. What is g(-7)?
259
Let t(h) = -2*h**2 + 172*h + 3113. What is t(102)?
-151
Let i(w) = 2*w**2 - 853*w + 83566. Determine i(155).
-599
Let h(g) = 4641*g - 306475. Calculate h(66).
-169
Let u(r) = -30012*r + 13. Give u(0).
13
Let r(f) = 761*f - 137739. Give r(181).
2
Let b(c) = 425*c**2 + 4227*c - 248. Give b(-10).
-18
Let w(n) = 20*n - 2158. Calculate w(27).
-1618
Let o(b) = -b**3 + 17*b**2 + 76*b + 236. What is o(-4)?
268
Let f(q) = 474*q - 276377. Determine f(583).
-35
Let p(t) = 7392*t - 37427. Calculate p(5).
-467
Let r(g) = g**3 - 422*g**2 + 42325*g - 3359. Calculate r(258).
-5
Let q(j) = -2934*j + 1531552. Give q(522).
4
Let l(m) = 2*m**3 + 81*m**2 - 608*m - 26688. What is l(-40)?
-768
Let s(c) = 4*c**2 + 92194*c + 92190. Give s(-1).
0
Let g(z) = 37*z**3 + 27*z**2 - 54*z + 9. Calculate g(2).
305
Let x(d) = d**3 + 9*d**2 - 13*d + 10. What is x(-14)?
-788
Let w(q) = -4*q**3 - 92*q**2 + 94*q + 132. Calculate w(-24).
180
Let r(t) = -t**3 + 7*t**2 + 16967*t - 186160. Give r(11).
-7
Let y(p) = -492*p + 85540. What is y(172)?
916
Let r(y) = -y**3 - 17*y**2 - 56*y - 178. Determine r(-11).
-288
Let t(k) = 85*k**2 - 161*k + 300. Give t(2).
318
Let n(b) = 2*b**2 - 82*b - 2806. Determine n(-23).
138
Let g(o) = -41*o - 6797. Determine g(-194).
1157
Let q(k) = -38885*k + 777698. Give q(20).
-2
Let t(q) = 16*q**3 - 1228*q**2 - 327*q + 1486. What is t(77)?
23
Let r(v) = 1229416*v + 3688254. Give r(-3).
6
Let a(w) = -3*w**3 + 159*w**2 - 31*w + 43. Determine a(53).
-1600
Let a(p) = -6*p**2 - 2232*p - 101441. Calculate a(-53).
1
Let x(i) = 3*i**2 - 498*i - 89. Determine x(160).
-2969
Let d(t) = -26*t**2 - 2462*t - 194. Give d(-95).
-954
Let i(a) = 2*a**2 + 89264*a + 624828. Determine i(-7).
78
Let p(z) = -408*z + 411. Determine p(1).
3
Let f(o) = -o**3 - 54*o**2 + 170*o + 476. Give f(-57).
533
Let h(w) = -433*w - 12532. Give h(-33).
1757
Let j(u) = 2*u**2 + 1468*u + 8797. Determine j(-6).
61
Let y(d) = d**2 + 270*d + 10691. What is y(-48)?
35
Let j(i) = -3416*i - 14210. Give j(-5).
2870
Let l(r) = 83*r**3 + 4979*r**2 - 55*r + 379. Give l(-60).
79
Let n(m) = -1183*m + 44940. Give n(38).
-14
Let l(g) = 110*g + 4348. Calculate l(-57).
-1922
Let a(h) = -8*h**2 - 3284*h - 8135. Determine a(-408).
25
Let b(r) = -2*r**3 - 1110*r**2 - 55002*r - 832. What is b(-500)?
168
Let o(m) = 1705*m - 282987. What is o(166)?
43
Let p(t) = -2*t**3 - 12*t**2 + 9*t + 140. Give p(-3).
59
Let a(p) = -51*p**2 - 176*p - 908. What is a(-7)?
-2175
Let r(j) = -12*j**2 + 245*j + 529. Calculate r(21).
382
Let n(w) = -194*w + 8276. Determine n(43).
-66
Let i(x) = -x**2 - 681*x + 3364. Determine i(5).
-66
Let a(m) = -1060*m + 216082. What is a(204)?
-158
Let t(r) = -4*r**3 - 430*r**2 + 1553*r - 83. Determine t(-111).
28
Let x(f) = -7*f**3 + 36*f**2 - 88*f + 667. Determine x(9).
-2312
Let y(z) = 254870*z + 11214277. Determine y(-44).
-3
Let i(b) = -3536*b - 13354. Determine i(-4).
790
Let w(d) = 6*d**2 + 5957*d - 989885. Give w(145).
30
Let r(a) = -6421*a - 340300. Determine r(-53).
13
Let o(d) = 2*d**3 - 22*d**2 + 69*d + 489. Give o(0).
489
Let c(v) = 37*v**2 - 4781*v + 1040. Determine c(129).
8
Let l(t) = -431*t + 11850. Calculate l(28).
-218
Let s(r) = -7*r**3 - 377*r**2 - 312*r - 8. Give s(-53).
-326
Let u(g) = -3*g**2 + 83*g - 275. What is u(24)?
-11
Let p(v) = -26799*v + 8575678. Give p(320).
-2
Let y(p) = p**3 - 42*p**2 - 1744*p - 1619. Give y(68).
13
Let q(v) = -v**3 - 11*v**2 + 148*v + 1334. What is q(-9)?
-160
Let o(k) = 4*k**3 + 66*k**2 + 934*k + 4676. Calculate o(-7).
0
Let p(t) = 4*t**3 + 56*t**2 - 156*t + 340. What is p(-17)?
-476
Let f(b) = 3*b**3 + 434*b**2 + 292*b + 531. Calculate f(-144).
-45
Let i(t) = -t**3 - 1242*t**2 + 51280*t - 8. Give i(40).
-8
Let t(f) = -8*f**3 - 97*f**2 - 6*f + 38. Give t(-12).
-34
Let j(s) = s**2 + 10*s - 11193. Calculate j(101).
18
Let u(f) = f**3 - 278*f**2 + 18874*f + 699. Give u(118).
-9
Let w(v) = -v**2 + 22703*v + 431695. Determine w(-19).
-23
Let t(k) = -69*k**2 + 408*k + 27. Determine t(6).
-9
Let o(s) = 20*s**3 - 72*s**2 - 24*s + 50. Calculate o(4).
82
Let m(g) = 3306*g + 152097. Calculate m(-46).
21
Let b(i) = 3254*i + 2648. Determine b(-1).
-606
Let o(v) = 4*v**2 - 283*v. Determine o(78).
2262
Let j(g) = -5*g**2 - 397*g + 17864. What is j(32)?
40
Let i(q) = -7313*q + 95062. What is i(13)?
-7
Let w(l) = -2809*l - 151416. Calculate w(-54).
270
Let t(c) = 60*c**3 + 12239*c**2 - 234*c - 6116. Calculate t(-204).
4
Let v(k) = k**2 - 1902*k - 83671. What is v(-43)?
-36
Let d(u) = u**2 + 18746*u + 112442. What is d(-6)?
2
Let a(m) = -768*m + 5418. Give a(7).
42
Let l(h) = -h**2 + 9338*h - 269970. Determine l(29).
-9
Let s(o) = 35137*o + 246494. What is s(-7)?
535
Let z(b) = 17*b + 143. Give z(-48).
-673
Let o(w) = w**2 + 95*w + 1811. What is o(-30)?
-139
Let u(y) = -25*y**2 - 443*y + 1368. Calculate u(3).
-186
Let t(w) = -491088*w + 24063315. What is t(49)?
3
Let h(n) = -76566*n + 76559. What is h(1)?
-7
Let g(c) = -22010*c - 154055. Calculate g(-7).
15
Let g(a) = -2827*a + 31082. Determine g(11).
-15
Let u(s) = -3*s**3 - 26*s**2 + 13386*s + 133473. What is u(-10)?
13
Let k(l) = l**3 + 309*l**2 + 2485*l + 23154. Determine k(-301).
-23
Let g(t) = 2*t**3 + 149*t**2 - 774*t - 39. Calculate g(5).
66
Let v(x) = -138885*x - 833321. Give v(-6).
-11
Let m(u) = u**2 - 95*u - 3880. Calculate m(-37).
1004
Let n(o) = -o**2 + 1105*o - 10945. What is n(10)?
5
Let x(b) = -2*b**3 - 5*b**2 + 64*b - 471. Determine x(-9).
6
Let c(y) = -3650*y - 242. Calculate c(0).
-242
Let p(h) = 365*h - 57967. What is p(159)?
68
Let r(t) = 92*t**2 + 11868*t - 36. Calculate r(-129).
-36
Let q(o) = 1110*o + 292976. Calculate q(-264).
-64
Let b(a) = 174*a**2 + 2270*a - 16. What is b(-13)?
-120
Let i(r) = r**2 - 98882*r + 790999. Give i(8).
7
Let f(h) = 2197*h - 70278. Determine f(32).
26
Let n(v) = 482*v - 751. Give n(2).
213
Let o(p) = -1247*p + 9177. What is o(11)?
-4540
Let z(x) = 1409*x**3 + 19725*x**2 - 180*x - 2331. What is z(-14)?
-7
Let c(r) = -4*r**2 - 568*r - 12921. Give c(-28).
-153
Let s(z) = -538456*z + 538388. Give s(1).
-68
Let u(g) = -4*g**3 - 26*g**2 + 272*g + 32. Give u(-12).
-64
Let r(z) = -3*z**2 + 926*z - 21744. What is r(283)?
47
Let z(n) = 8336*n + 91886. Determine z(-11).
190
Let z(r) = 8*r**2 + 1950*r - 6432. Determine z(-247).
-10
Let g(j) = 50*j**2 - 480*j - 757. Give g(11).
13
Let r(y) = 1798*y + 174411. Calculate r(-97).
5
Let l(v) = 4638*v - 2300348. Calculate l(496).
100
Let k(i) = 129*i + 3158. What is k(-16)?
1094
Let a(f) = -2*f**2 + 13208*f - 9